141?
-424130
In base 2, what is 101000011 - -110010111110110000000?
110010111111011000011
In base 7, what is 2405 - -16001236?
16003644
In base 9, what is 4643307 - 8?
4643288
In base 2, what is 1001100110000111110111 - 1101?
1001100110000111101010
In base 4, what is -121223101 + 1112?
-121221323
In base 5, what is 121112123 - -313?
121112441
In base 16, what is 4d5 - -9b32?
a007
In base 9, what is -5 - -7422305?
7422300
In base 2, what is 100110 - -10111011111101001?
10111100000001111
In base 10, what is -4 - -4496263?
4496259
In base 9, what is -2386077 + 20?
-2386057
In base 11, what is 4 - -45a332?
45a336
In base 13, what is -25c + 5169c?
51440
In base 11, what is -15 + 18864a6?
1886491
In base 8, what is 137 - 705623?
-705464
In base 4, what is -310130321 - -1032?
-310123223
In base 13, what is 1a2 - -74297?
74469
In base 3, what is 11220221201021 + 112?
11220221201210
In base 2, what is -1011010110100011110100111 - 100?
-1011010110100011110101011
In base 7, what is 430 + -14521660?
-14521230
In base 8, what is 11522242477 + 0?
11522242477
In base 7, what is 13000516 - -32?
13000551
In base 14, what is 550 + 28a9?
3019
In base 14, what is -116a5a + -9?
-116a65
In base 5, what is -3 + 3301313221?
3301313213
In base 15, what is 43e617 - 7?
43e610
In base 15, what is 2585 - -10d?
2693
In base 8, what is 70345 + 321?
70666
In base 12, what is -a11 + b005?
a1b4
In base 7, what is 3 - -2623432?
2623435
In base 11, what is 178 - a39850?
-a39683
In base 10, what is -284871 + 5?
-284866
In base 15, what is -ad - -23968a?
2395cc
In base 5, what is 1 + -30113032323?
-30113032322
In base 6, what is -35324135 + 144?
-35323551
In base 9, what is -6 + -1774428?
-1774435
In base 10, what is -950571 + -12?
-950583
In base 9, what is -73 + -2523125?
-2523208
In base 11, what is 167939 + 530?
168369
In base 12, what is -64a - 3a475?
-3ab03
In base 11, what is -296a032 - -3?
-296a02a
In base 16, what is e67 - -1c4d?
2ab4
In base 14, what is -3 + -7589281?
-7589284
In base 8, what is 20713 + 32712?
53625
In base 11, what is -3 - 2084687?
-208468a
In base 7, what is -5 - -135001144?
135001136
In base 10, what is -35154 + -9488?
-44642
In base 12, what is -8857 + -17b9?
-a454
In base 2, what is 101 + 1000110000100011110100?
1000110000100011111001
In base 10, what is 3675 - -5549?
9224
In base 16, what is 164b + -860?
deb
In base 16, what is -1d + -2823a9?
-2823c6
In base 14, what is 1983 - -19d0?
3573
In base 7, what is -3 - -1043541504?
1043541501
In base 4, what is 10 - 33333101201?
-33333101131
In base 12, what is 2788b290 + 6?
2788b296
In base 4, what is -11 + 133120132212?
133120132201
In base 4, what is -10210213332311 - 1?
-10210213332312
In base 3, what is -2211011110122 - -11110?
-2211011022012
In base 15, what is 12b0e44d + -4?
12b0e449
In base 12, what is 8507a9 - -19?
850806
In base 3, what is 101120101022000 - -1102?
101120101100102
In base 5, what is 4 - -2042200404?
2042200413
In base 5, what is -11 + -23100302?
-23100313
In base 15, what is -7d286 - 46?
-7d2cc
In base 3, what is -22222 + 2110212222212?
2110212122220
In base 15, what is 1157c - -6ea?
11c77
In base 2, what is -100 + -100101001001110110011100000?
-100101001001110110011100100
In base 3, what is -1220002 - -1002200010012?
1002121020010
In base 4, what is -20003 - 2321?
-22330
In base 8, what is 7 + 730277?
730306
In base 9, what is 2 - 838807?
-838805
In base 13, what is 19c - 5c5701?
-5c5532
In base 8, what is -2316676 - -2?
-2316674
In base 2, what is -11101010101100001100100101 - -101?
-11101010101100001100100000
In base 13, what is 3b6b4 - -4b?
3b732
In base 8, what is -10 - 746046?
-746056
In base 9, what is 10311801 - -10?
10311811
In base 12, what is 96a7a3 + 31?
96a814
In base 11, what is -3 + -1796078?
-1796080
In base 11, what is 2343 - -338?
2680
In base 8, what is 25231371 - 17?
25231352
In base 13, what is -2331114 + 1?
-2331113
In base 6, what is 404433 + -5143?
355250
In base 8, what is -4554 - -205263?
200507
In base 14, what is -226cc8 + -7?
-226cd1
In base 8, what is -612737010 - 0?
-612737010
In base 16, what is -36de - -304?
-33da
In base 15, what is 3dc - -4512c?
45519
In base 15, what is -15064 - -2?
-15062
In base 10, what is -3 + 11895062?
11895059
In base 11, what is 153 + 98202?
98355
In base 13, what is 9139 + 9?
9145
In base 14, what is 1 - 15824?
-15823
In base 16, what is -23 + 34ffe?
34fdb
In base 12, what is a82 - 36766?
-358a4
In base 13, what is 3 + 245648?
24564b
In base 12, what is -116 + -995a39?
-995b53
In base 10, what is 168007 + 565?
168572
In base 10, what is 23741 - -894?
24635
In base 2, what is 11101111011100100 - -100?
11101111011101000
In base 5, what is -2244304 + 32?
-2244222
In base 12, what is -1040 - 11403?
-12443
In base 14, what is 4771a + -137?
475c3
In base 5, what is 3 + 1334013042?
1334013100
In base 5, what is -3331 - -233242012?
233233131
In base 8, what is 250722 - -320?
251242
In base 4, what is -312 - -1200332111?
1200331133
In base 8, what is -2033265403 + 5?
-2033265376
In base 11, what is 10a - 120499?
-12038a
In base 16, what is 334c415 - -3?
334c418
In base 2, what is -100110011111 - 1111101000111000?
-10000001111010111
In base 10, what is -6003 - 82?
-6085
In base 6, what is -2521053121 + 5?
-2521053112
In base 16, what is 474d - 951?
3dfc
In base 12, what is 1a528775 + -10?
1a528765
In base 4, what is -1232212133 + -1302?
-1232220101
In base 15, what is d - -582aba6?
582abb4
In base 15, what is b1 - -75118?
751c9
In base 14, what is 60 - -204b?
20ab
In base 16, what is 11 - de7bd?
-de7ac
In base 9, what is 46805 + -82?
46713
In base 9, what is 55 - 3640855?
-3640800
In base 3, what is -122 + 112212212221111?
112212212220212
In base 7, what is 146032 - -1442?
150504
In base 13, what is 62aab99 - -3?
62aab9c
In base 7, what is -260432 - -433?
-256666
In base 16, what is c88280 - 2?
c8827e
In base 5, what is 4013324 + -21?
4013303
In base 2, what is 10010111111 + 101010101010010110011?
101010101100101110010
In base 13, what is 262a83 - -971?
263724
In base 2, what is -11101 + 111000110101101010001?
111000110101100110100
In base 6, what is -102241114405 - 3?
-102241114412
In base 5, what is 32101 + 3011420?
3044021
In base 12, what is 9 + -1b91643?
-1b91636
In base 13, what is 573737 + b?
573745
In base 16, what is 376 + -8a2a?
-86b4
In base 9, what is 658537 - 5?
658532
In base 16, what is 5a - -3c03f?
3c099
In base 6, what is 1 - -23231501450?
23231501451
In base 14, what is -3519d4 + 4?
-3519d0
In base 8, what is 203 + -3770?
-3565
In base 13, what is -7793 + 2a9?
-74b7
In base 11, what is 2424133 - -20?
2424153
In base 5, what is -233121243 - -1341?
-233114402
In base 16, what is -101cb23 + -4?
-101cb27
In base 11, what is 4a1170a - -3?
4a11712
In base 15, what is 34a + 1938d?
196d8
In base 14, what is -266 + -70108?
-70370
In base 13, what is -5b7 + 28396?
27aac
In base 5, what is -421423241 - -10?
-421423231
In base 4, what is 2033 + 31321301?
31330000
In base 6, what is -5101445 - 130?
-5102015
In base 14, what is -5153 - 582?
-56d5
In base 3, what is 2020211111022201 - -2?
2020211111022210
In base 10, what is -3158854 - 11?
-3158865
In base 11, what is -82 - 145627a?
-1456351
In base 15, what is -626592b + -3?
-626592e
In base 16, what is a2cbd5 - -7?
a2cbdc
In base 6, what is -3354333 - -54?
-3354235
In base 3, what is 21000011210 - 12121?
20222222012
In base 12, what is 37a5 - -2705?
62aa
In base 6, what is -10033025000 - 5?
-10033025005
In base 14, what is -49 + -578d4?
-5793d
In base 13, what is 2bca20b - 5?
2bca206
In base 10, what is -994 - -62467?
61473
In base 4, what is 123013101221 - 2?
123013101213
In base 11, what is 143587a - -81?
1435950
In base 10, what is 168801 - -496?
169297
In base 5, what is -300243 - 24220?
-330013
In base 6, what is 153120 - 3141?
145535
In base 15, what is 2c544 + 547?
2ca8b
In base 9, what is -18680745 + -60?
-18680815
In base 7, what is -1466500 - -2023?
-1464444
In base 4, what is 123 - 2200001?
-2133212
In base 15, what is 1c37 - -d897?
105ce
In base 9, what is -50 + 8146381?
8146331
In base 10, what is -93949 + -1951?
-95900
In base 10, what is -138 + -78800?
-78938
In base 7, what is -406455 + 321?
-406134
In base 9, what is -422 + -25421?
-25843
In base 9, wha